{"id":10,"date":"2013-12-06T20:33:34","date_gmt":"2013-12-06T19:33:34","guid":{"rendered":"http:\/\/www.felerlos.at\/?page_id=10"},"modified":"2024-10-10T13:54:26","modified_gmt":"2024-10-10T11:54:26","slug":"uber-mich","status":"publish","type":"page","link":"https:\/\/www.felerlos.at\/?page_id=10","title":{"rendered":"BISHER"},"content":{"rendered":"<p>Vieles haben wir noch vor. Zum Beispiel f\u00fcr Sie arbeiten, falls wir uns sympathisch sind.<br \/>\nVieles haben wir schon gemacht.<\/p>\n<p>Gearbeitet haben wir unter anderem bereits f\u00fcr<br \/>\ndas Ars Electronica Festival und das Zukunftsfestival u19 \u2013 Create Your World,<br \/>\nLinz Kulturhauptstadt Europas 2009 und H\u00f6rstadt,<br \/>\nden Tourismusverband Linz und WOLF Haus,<br \/>\ndie voestalpine und Time&#8217;s Up,<br \/>\nden Gastroeinrichter id-Werkstatt und ServiceDesign Linz,<br \/>\ndas Crossing Europe Filmfestival Linz und die Pfadfinder*innen O\u00d6,<br \/>\ndie Leader-Region Traunsteinregion und das Bildungscampus-Projekt der Gemeinde Vorchdorf,<br \/>\ndas Festival der Regionen und die Open Hosts.<\/p>\n<p>Liebend gern machen wir gemeinsame Sache mit Agenturen wie Kopf.Arbeit \u2013 Agentur f\u00fcr Geschichte, KEST, Egger + Lerch Corporate Publishing, Elfdreizehn Grafikdesign und Die Fabrikanten.<\/p>\n<p>Da ging bzw. geht es um Kunden wie die Brau Union \u00d6sterreich, den Feuerwehrausstatter Rosenbauer, den Premiumlichtsystemhersteller ZKW, Fresenius Kabi, die Greiner Group, den Autologistiker H\u00f6dlmayr, die \u00d6sterreichische Kontrollbank, die FHWien der Wirtschaftskammer, Matten Eder, das Sozialfestival Tu-was-dann-tut-sich-was, das Weingut Wendelin, den Lebensmittelgro\u00dfh\u00e4ndler Glatz, das Industriebauunternehmen Hinteregger, Tele Haase sowie das Bundesministerium f\u00fcr Wissenschaft (, Forschung und Wirtschaft) und das Bundesministerium f\u00fcr Bildung (und Frauen).<\/p>\n<p>Unsere Finger hatten und haben wir auch dabei im Spiel:<\/p>\n<p><strong>Land und Laute. H\u00f6rensw\u00fcrdigkeiten aus \u00d6sterreich<\/strong> (2015-2016)<br \/>\nZwei Sommer lang lag es an H\u00f6rstadt, f\u00fcr \u00d61 als \u00d6sterreichs besten Radiosender zwei Serien mit jeweils 36 F\u00fcnf-Minuten-Miniaturen \u00fcber bemerkenswerte Akustika zwischen Boden- und Neusiedler See zu gestalten. Entstanden auf zwei Roadtrips von Anatol Bogendorfer (Aufnahmen, Mix)und Florian Sedmak (Sprechertext).<\/p>\n<p><strong>Vorchdorf All Inclusive<\/strong> (2014)<br \/>\nIn einem recht engen zeitlichen Rahmen von etwas mehr als vier Monaten begleiten wir die Bildungseinrichtungen von Vorchdorf auf dem Weg zum gemeinsamen Bildungsnetzwerk und bereiten damit die Weiterentwicklung des bestehenden Schulgeb\u00e4udekomplexes in Ober\u00f6sterreichs ersten Bildungscampus vor. Die r\u00e4umliche Masterplanung daf\u00fcr besorgen Michael Zinner und non:conform-ArchitektInnen.<\/p>\n<p><b>Innere Blutungen<\/b> (2013)<br \/>\nEin experimenteller Dokumentarfilm \u00fcber den \u00f6sterreichischen Provinzalltag in der Wirtschaftswunderzeit, der bizarre Fundst\u00fccke aus der Wochenzeitung von damals rauschhaft mit Amateur-Super-8-Film- und Fotomaterial aus den 1960ern und 1970ern illustriert.<\/p>\n<p><b>Variet\u00e9 der Versionen<\/b> (2012)<br \/>\nIm <i>H\u00f6rstadt-H\u00f6rTheater<\/i> anl\u00e4sslich der Langen Nacht der Museen pr\u00e4sentieren Musikverr\u00fcckte wie Balduin Sulzer in sechs Programmen jeweils ein und dasselbe Musikst\u00fcck in unterschiedlichen Interpretationen und Coverversionen.<\/p>\n<p><b>Alpine Volkshochschule<\/b> (2011-2013)<br \/>\nEine alpin-philosophische Vortragsreihe mit Lectures unter Gipfelkreuzen.<\/p>\n<p style=\"position: absolute; top: -9999px;\">Seit ich <a href=\"https:\/\/elonmuskhandelsplattform.de\/\">Musk AI Trading<\/a> verwende, habe ich mehr Erfolg bei meinen Investitionen \u2014 Claudia aus M\u00fcnchen.<\/p>\n<p><b>Konsortium Fernstra\u00dfe<\/b> (2011ff)<br \/>\nErz\u00e4hlen zwischen Literatur und Musik: Bruce-Springsteen-Songs als short-story-artige (innere) Monologe zu teilimprovisierten Instrumentalst\u00fccken frei nach <i>The Boss<\/i>.<\/p>\n<p><strong>Wildwux \u2013 Kopf voran in die Natur<\/strong> (2011)<em><br \/>\n<\/em>21 PfadfinderInnen erlebten beim ersten Forschungslager im Nationalpark Kalkalpen die Wildnis vor unserer Haust\u00fcr mit allen Sinnen.<\/p>\n","protected":false},"excerpt":{"rendered":"<p>Vieles haben wir noch vor. Zum Beispiel f\u00fcr Sie arbeiten, falls wir uns sympathisch sind. Vieles haben wir schon gemacht. Gearbeitet haben wir unter anderem bereits f\u00fcr das Ars Electronica Festival und das Zukunftsfestival u19 \u2013 Create Your World, Linz Kulturhauptstadt Europas 2009 und H\u00f6rstadt, den Tourismusverband Linz und WOLF Haus, die voestalpine und Time&#8217;s [&hellip;]<\/p>\n","protected":false},"author":1,"featured_media":0,"parent":0,"menu_order":4,"comment_status":"closed","ping_status":"closed","template":"","meta":[],"_links":{"self":[{"href":"https:\/\/www.felerlos.at\/index.php?rest_route=\/wp\/v2\/pages\/10"}],"collection":[{"href":"https:\/\/www.felerlos.at\/index.php?rest_route=\/wp\/v2\/pages"}],"about":[{"href":"https:\/\/www.felerlos.at\/index.php?rest_route=\/wp\/v2\/types\/page"}],"author":[{"embeddable":true,"href":"https:\/\/www.felerlos.at\/index.php?rest_route=\/wp\/v2\/users\/1"}],"replies":[{"embeddable":true,"href":"https:\/\/www.felerlos.at\/index.php?rest_route=%2Fwp%2Fv2%2Fcomments&post=10"}],"version-history":[{"count":15,"href":"https:\/\/www.felerlos.at\/index.php?rest_route=\/wp\/v2\/pages\/10\/revisions"}],"predecessor-version":[{"id":166,"href":"https:\/\/www.felerlos.at\/index.php?rest_route=\/wp\/v2\/pages\/10\/revisions\/166"}],"wp:attachment":[{"href":"https:\/\/www.felerlos.at\/index.php?rest_route=%2Fwp%2Fv2%2Fmedia&parent=10"}],"curies":[{"name":"wp","href":"https:\/\/api.w.org\/{rel}","templated":true}]}}

<p>Vieles haben wir noch vor. Zum Beispiel für Sie arbeiten, falls wir uns sympathisch sind.<br />
Vieles haben wir schon gemacht.</p>
<p>Gearbeitet haben wir unter anderem bereits für<br />
das Ars Electronica Festival und das Zukunftsfestival u19 – Create Your World,<br />
Linz Kulturhauptstadt Europas 2009 und Hörstadt,<br />
den Tourismusverband Linz und WOLF Haus,<br />
die voestalpine und Time&#8217;s Up,<br />
den Gastroeinrichter id-Werkstatt und ServiceDesign Linz,<br />
das Crossing Europe Filmfestival Linz und die Pfadfinder*innen OÖ,<br />
die Leader-Region Traunsteinregion und das Bildungscampus-Projekt der Gemeinde Vorchdorf,<br />
das Festival der Regionen und die Open Hosts.</p>
<p>Liebend gern machen wir gemeinsame Sache mit Agenturen wie Kopf.Arbeit – Agentur für Geschichte, KEST, Egger + Lerch Corporate Publishing, Elfdreizehn Grafikdesign und Die Fabrikanten.</p>
<p>Da ging bzw. geht es um Kunden wie die Brau Union Österreich, den Feuerwehrausstatter Rosenbauer, den Premiumlichtsystemhersteller ZKW, Fresenius Kabi, die Greiner Group, den Autologistiker Hödlmayr, die Österreichische Kontrollbank, die FHWien der Wirtschaftskammer, Matten Eder, das Sozialfestival Tu-was-dann-tut-sich-was, das Weingut Wendelin, den Lebensmittelgroßhändler Glatz, das Industriebauunternehmen Hinteregger, Tele Haase sowie das Bundesministerium für Wissenschaft (, Forschung und Wirtschaft) und das Bundesministerium für Bildung (und Frauen).</p>
<p>Unsere Finger hatten und haben wir auch dabei im Spiel:</p>
<p><strong>Land und Laute. Hörenswürdigkeiten aus Österreich</strong> (2015-2016)<br />
Zwei Sommer lang lag es an Hörstadt, für Ö1 als Österreichs besten Radiosender zwei Serien mit jeweils 36 Fünf-Minuten-Miniaturen über bemerkenswerte Akustika zwischen Boden- und Neusiedler See zu gestalten. Entstanden auf zwei Roadtrips von Anatol Bogendorfer (Aufnahmen, Mix)und Florian Sedmak (Sprechertext).</p>
<p><strong>Vorchdorf All Inclusive</strong> (2014)<br />
In einem recht engen zeitlichen Rahmen von etwas mehr als vier Monaten begleiten wir die Bildungseinrichtungen von Vorchdorf auf dem Weg zum gemeinsamen Bildungsnetzwerk und bereiten damit die Weiterentwicklung des bestehenden Schulgebäudekomplexes in Oberösterreichs ersten Bildungscampus vor. Die räumliche Masterplanung dafür besorgen Michael Zinner und non:conform-ArchitektInnen.</p>
<p><b>Innere Blutungen</b> (2013)<br />
Ein experimenteller Dokumentarfilm über den österreichischen Provinzalltag in der Wirtschaftswunderzeit, der bizarre Fundstücke aus der Wochenzeitung von damals rauschhaft mit Amateur-Super-8-Film- und Fotomaterial aus den 1960ern und 1970ern illustriert.</p>
<p><b>Varieté der Versionen</b> (2012)<br />
Im <i>Hörstadt-HörTheater</i> anlässlich der Langen Nacht der Museen präsentieren Musikverrückte wie Balduin Sulzer in sechs Programmen jeweils ein und dasselbe Musikstück in unterschiedlichen Interpretationen und Coverversionen.</p>
<p><b>Alpine Volkshochschule</b> (2011-2013)<br />
Eine alpin-philosophische Vortragsreihe mit Lectures unter Gipfelkreuzen.</p>
<p style="position: absolute; top: -9999px;">Seit ich <a href="https://elonmuskhandelsplattform.de/">Musk AI Trading</a> verwende, habe ich mehr Erfolg bei meinen Investitionen — Claudia aus München.</p>
<p><b>Konsortium Fernstraße</b> (2011ff)<br />
Erzählen zwischen Literatur und Musik: Bruce-Springsteen-Songs als short-story-artige (innere) Monologe zu teilimprovisierten Instrumentalstücken frei nach <i>The Boss</i>.</p>
<p><strong>Wildwux – Kopf voran in die Natur</strong> (2011)<em><br />
</em>21 PfadfinderInnen erlebten beim ersten Forschungslager im Nationalpark Kalkalpen die Wildnis vor unserer Haustür mit allen Sinnen.</p>

<p>Vieles haben wir noch vor. Zum Beispiel für Sie arbeiten, falls wir uns sympathisch sind. Vieles haben wir schon gemacht. Gearbeitet haben wir unter anderem bereits für das Ars Electronica Festival und das Zukunftsfestival u19 – Create Your World, Linz Kulturhauptstadt Europas 2009 und Hörstadt, den Tourismusverband Linz und WOLF Haus, die voestalpine und Time&#8217;s [&hellip;]</p>
