{"id":68,"date":"2014-01-08T11:15:49","date_gmt":"2014-01-08T10:15:49","guid":{"rendered":"http:\/\/www.felerlos.at\/?page_id=68"},"modified":"2025-11-17T11:11:49","modified_gmt":"2025-11-17T10:11:49","slug":"wir","status":"publish","type":"page","link":"https:\/\/www.felerlos.at\/?page_id=68","title":{"rendered":"WIR"},"content":{"rendered":"<p>haben verschiedene Backgrounds, die sich bestens erg\u00e4nzen: in Kulturmanagement und Kunstgeschichte, Kulturarbeit und Journalismus sowie in der Arbeit mit Kindern und Jugendlichen.<br \/>\nBeide denken und arbeiten wir interdisziplin\u00e4r und k\u00f6nnen die Dinge anders sehen, ohne uns k\u00f6rperlich zu verrenken.<\/p>\n<p><a href=\"http:\/\/www.felerlos.at\/wp-content\/uploads\/2014\/01\/su-flo0257.jpg\"><img decoding=\"async\" loading=\"lazy\" class=\"alignnone size-medium wp-image-106\" src=\"http:\/\/www.felerlos.at\/wp-content\/uploads\/2014\/01\/su-flo0257-300x300.jpg\" alt=\"susi_florian_aron\" width=\"300\" height=\"300\" srcset=\"https:\/\/www.felerlos.at\/wp-content\/uploads\/2014\/01\/su-flo0257-300x300.jpg 300w, https:\/\/www.felerlos.at\/wp-content\/uploads\/2014\/01\/su-flo0257-150x150.jpg 150w, https:\/\/www.felerlos.at\/wp-content\/uploads\/2014\/01\/su-flo0257-1024x1024.jpg 1024w, https:\/\/www.felerlos.at\/wp-content\/uploads\/2014\/01\/su-flo0257-624x624.jpg 624w, https:\/\/www.felerlos.at\/wp-content\/uploads\/2014\/01\/su-flo0257.jpg 2008w\" sizes=\"(max-width: 300px) 100vw, 300px\" \/><\/a><\/p>\n<p><b>Mag.a Susi Windischbauer BBEd<\/b><br \/>\n<a href=\"http:\/\/www.felerlos.at\/wp-content\/uploads\/2014\/01\/su-flo0291.jpg\"><img decoding=\"async\" loading=\"lazy\" class=\"alignnone size-medium wp-image-107\" src=\"http:\/\/www.felerlos.at\/wp-content\/uploads\/2014\/01\/su-flo0291-300x199.jpg\" alt=\"susi\" width=\"236\" height=\"156\" srcset=\"https:\/\/www.felerlos.at\/wp-content\/uploads\/2014\/01\/su-flo0291-300x199.jpg 300w, https:\/\/www.felerlos.at\/wp-content\/uploads\/2014\/01\/su-flo0291-1024x681.jpg 1024w, https:\/\/www.felerlos.at\/wp-content\/uploads\/2014\/01\/su-flo0291-624x415.jpg 624w\" sizes=\"(max-width: 236px) 100vw, 236px\" \/><\/a><span style=\"font-weight: 400;\"><br \/>\n<\/span><\/p>\n<p>Kultur- und Projektmanagerin, Prozessbegleiterin, Volks- und Hochschullehrerin sowie Formatentwicklerin und Vermittlerin mit Schwerpunkt Technologie, Kreativit\u00e4t\u00a0und Inklusion.<br \/>\nSie hat Kunstgeschichte und Kulturmanagement an der Karl-Franzens-Universit\u00e4t Graz studiert und die berufsbegleitende Ausbildung zum Bachelor of Education (Sonderschullehramt und Volksschullehramt berufsbegleitend) an der P\u00e4dagogischen Hochschule Ober\u00f6sterreich absolviert.<br \/>\nF\u00fcr das Festival und Museum Ars Electronica in Linz hat sie verschiedenste Bildungsformate etabliert (u.a. das Ars Electronica EducationLab), das Zukunftsfestival u19 \u2013 CREATE YOUR WORLD entwickelt, kuratiert und geleitet, die Jugendschiene des Medienkunstwettbewerbs Prix Ars Electronica neu konzipiert und verschiedenste nationale und internationale Projekte konzipiert, kuratiert und produziert.<br \/>\nSchulentwicklung ist eine ihrer Herzensangelegenheiten. Nach mehrj\u00e4hriger T\u00e4tigkeit als Volksschullehrerin in einer jahrgangsgemischten Integrationsklasse in Pettenbach\/O\u00d6 war sie von 2021-2023 ebendort als interimistische Schulleiterin t\u00e4tig, danach konnte sie noch ein Jahr Leitungserfahrung an der Volksschule Kirchberg bei Kremsm\u00fcnster sammeln. Aktuell promoviert sie im Rahmen von B3 (Bildungsinnovation braucht Bildungsforschung) im Konsortium \u201eGut beraten?\u201c und ist mit ihrem Forschungsvorhaben zu Prozessen der Schulentwicklungsberatung als Assistenzprofessorin an der P\u00e4dagogischen Hochschule besch\u00e4ftigt.<\/p>\n<p><b>Florian Sedmak, MAS<br \/>\n<\/b>Texter etc.<br \/>\n<a href=\"http:\/\/www.felerlos.at\/wp-content\/uploads\/2014\/01\/su-flo0261.jpg\"><img decoding=\"async\" loading=\"lazy\" class=\"alignnone size-medium wp-image-108\" src=\"http:\/\/www.felerlos.at\/wp-content\/uploads\/2014\/01\/su-flo0261-199x300.jpg\" alt=\"Florian\" width=\"199\" height=\"300\" srcset=\"https:\/\/www.felerlos.at\/wp-content\/uploads\/2014\/01\/su-flo0261-199x300.jpg 199w, https:\/\/www.felerlos.at\/wp-content\/uploads\/2014\/01\/su-flo0261-681x1024.jpg 681w, https:\/\/www.felerlos.at\/wp-content\/uploads\/2014\/01\/su-flo0261-624x937.jpg 624w\" sizes=\"(max-width: 199px) 100vw, 199px\" \/><\/a><br \/>\nEr hat unter anderem unvollendet Germanistik und Kommunikationswissenschaft studiert und ist Absolvent eines Post-Graduate-Studiums im European Management Programme for the Arts &amp; Media (ICCM Salzburg\/Johannes Kepler Universit\u00e4t Linz, mit ausgezeichnetem Erfolg).<br \/>\nAu\u00dferdem ist er Mitgr\u00fcnder des Kommunikationsb\u00fcros die jungs, hin und wieder selbst <a href=\"http:\/\/sdmk.at\" target=\"_blank\" rel=\"noopener\"><span style=\"text-decoration: underline;\">k\u00fcnstlerisch<\/span><\/a> t\u00e4tig, Lehrer f\u00fcr <a href=\"http:\/\/www.wolkenhaende.at\">Qi Gong<\/a> und bunt t\u00e4towiert (jedoch unbescholten), journalistisch versiert als mehrj\u00e4hriger Mitarbeiter u.a. einer regionalen Wochen- und einer Bundesl\u00e4ndertageszeitung, PR-erfahren als Kommunikationsverantwortlicher gr\u00f6\u00dferer Festivals.<\/p>\n<p>(Fotos: <a href=\"http:\/\/www.anette-friedel.at\/\" target=\"_blank\" rel=\"noopener\">Annette Friedel<\/a>)<\/p>\n","protected":false},"excerpt":{"rendered":"<p>haben verschiedene Backgrounds, die sich bestens erg\u00e4nzen: in Kulturmanagement und Kunstgeschichte, Kulturarbeit und Journalismus sowie in der Arbeit mit Kindern und Jugendlichen. Beide denken und arbeiten wir interdisziplin\u00e4r und k\u00f6nnen die Dinge anders sehen, ohne uns k\u00f6rperlich zu verrenken. Mag.a Susi Windischbauer BBEd Kultur- und Projektmanagerin, Prozessbegleiterin, Volks- und Hochschullehrerin sowie Formatentwicklerin und Vermittlerin mit [&hellip;]<\/p>\n","protected":false},"author":1,"featured_media":0,"parent":0,"menu_order":0,"comment_status":"closed","ping_status":"closed","template":"","meta":[],"_links":{"self":[{"href":"https:\/\/www.felerlos.at\/index.php?rest_route=\/wp\/v2\/pages\/68"}],"collection":[{"href":"https:\/\/www.felerlos.at\/index.php?rest_route=\/wp\/v2\/pages"}],"about":[{"href":"https:\/\/www.felerlos.at\/index.php?rest_route=\/wp\/v2\/types\/page"}],"author":[{"embeddable":true,"href":"https:\/\/www.felerlos.at\/index.php?rest_route=\/wp\/v2\/users\/1"}],"replies":[{"embeddable":true,"href":"https:\/\/www.felerlos.at\/index.php?rest_route=%2Fwp%2Fv2%2Fcomments&post=68"}],"version-history":[{"count":16,"href":"https:\/\/www.felerlos.at\/index.php?rest_route=\/wp\/v2\/pages\/68\/revisions"}],"predecessor-version":[{"id":172,"href":"https:\/\/www.felerlos.at\/index.php?rest_route=\/wp\/v2\/pages\/68\/revisions\/172"}],"wp:attachment":[{"href":"https:\/\/www.felerlos.at\/index.php?rest_route=%2Fwp%2Fv2%2Fmedia&parent=68"}],"curies":[{"name":"wp","href":"https:\/\/api.w.org\/{rel}","templated":true}]}}

<p>haben verschiedene Backgrounds, die sich bestens ergänzen: in Kulturmanagement und Kunstgeschichte, Kulturarbeit und Journalismus sowie in der Arbeit mit Kindern und Jugendlichen.<br />
Beide denken und arbeiten wir interdisziplinär und können die Dinge anders sehen, ohne uns körperlich zu verrenken.</p>
<p><a href="http://www.felerlos.at/wp-content/uploads/2014/01/su-flo0257.jpg"><img decoding="async" loading="lazy" class="alignnone size-medium wp-image-106" src="http://www.felerlos.at/wp-content/uploads/2014/01/su-flo0257-300x300.jpg" alt="susi_florian_aron" width="300" height="300" srcset="https://www.felerlos.at/wp-content/uploads/2014/01/su-flo0257-300x300.jpg 300w, https://www.felerlos.at/wp-content/uploads/2014/01/su-flo0257-150x150.jpg 150w, https://www.felerlos.at/wp-content/uploads/2014/01/su-flo0257-1024x1024.jpg 1024w, https://www.felerlos.at/wp-content/uploads/2014/01/su-flo0257-624x624.jpg 624w, https://www.felerlos.at/wp-content/uploads/2014/01/su-flo0257.jpg 2008w" sizes="(max-width: 300px) 100vw, 300px" /></a></p>
<p><b>Mag.a Susi Windischbauer BBEd</b><br />
<a href="http://www.felerlos.at/wp-content/uploads/2014/01/su-flo0291.jpg"><img decoding="async" loading="lazy" class="alignnone size-medium wp-image-107" src="http://www.felerlos.at/wp-content/uploads/2014/01/su-flo0291-300x199.jpg" alt="susi" width="236" height="156" srcset="https://www.felerlos.at/wp-content/uploads/2014/01/su-flo0291-300x199.jpg 300w, https://www.felerlos.at/wp-content/uploads/2014/01/su-flo0291-1024x681.jpg 1024w, https://www.felerlos.at/wp-content/uploads/2014/01/su-flo0291-624x415.jpg 624w" sizes="(max-width: 236px) 100vw, 236px" /></a><span style="font-weight: 400;"><br />
</span></p>
<p>Kultur- und Projektmanagerin, Prozessbegleiterin, Volks- und Hochschullehrerin sowie Formatentwicklerin und Vermittlerin mit Schwerpunkt Technologie, Kreativität und Inklusion.<br />
Sie hat Kunstgeschichte und Kulturmanagement an der Karl-Franzens-Universität Graz studiert und die berufsbegleitende Ausbildung zum Bachelor of Education (Sonderschullehramt und Volksschullehramt berufsbegleitend) an der Pädagogischen Hochschule Oberösterreich absolviert.<br />
Für das Festival und Museum Ars Electronica in Linz hat sie verschiedenste Bildungsformate etabliert (u.a. das Ars Electronica EducationLab), das Zukunftsfestival u19 – CREATE YOUR WORLD entwickelt, kuratiert und geleitet, die Jugendschiene des Medienkunstwettbewerbs Prix Ars Electronica neu konzipiert und verschiedenste nationale und internationale Projekte konzipiert, kuratiert und produziert.<br />
Schulentwicklung ist eine ihrer Herzensangelegenheiten. Nach mehrjähriger Tätigkeit als Volksschullehrerin in einer jahrgangsgemischten Integrationsklasse in Pettenbach/OÖ war sie von 2021-2023 ebendort als interimistische Schulleiterin tätig, danach konnte sie noch ein Jahr Leitungserfahrung an der Volksschule Kirchberg bei Kremsmünster sammeln. Aktuell promoviert sie im Rahmen von B3 (Bildungsinnovation braucht Bildungsforschung) im Konsortium „Gut beraten?“ und ist mit ihrem Forschungsvorhaben zu Prozessen der Schulentwicklungsberatung als Assistenzprofessorin an der Pädagogischen Hochschule beschäftigt.</p>
<p><b>Florian Sedmak, MAS<br />
</b>Texter etc.<br />
<a href="http://www.felerlos.at/wp-content/uploads/2014/01/su-flo0261.jpg"><img decoding="async" loading="lazy" class="alignnone size-medium wp-image-108" src="http://www.felerlos.at/wp-content/uploads/2014/01/su-flo0261-199x300.jpg" alt="Florian" width="199" height="300" srcset="https://www.felerlos.at/wp-content/uploads/2014/01/su-flo0261-199x300.jpg 199w, https://www.felerlos.at/wp-content/uploads/2014/01/su-flo0261-681x1024.jpg 681w, https://www.felerlos.at/wp-content/uploads/2014/01/su-flo0261-624x937.jpg 624w" sizes="(max-width: 199px) 100vw, 199px" /></a><br />
Er hat unter anderem unvollendet Germanistik und Kommunikationswissenschaft studiert und ist Absolvent eines Post-Graduate-Studiums im European Management Programme for the Arts &amp; Media (ICCM Salzburg/Johannes Kepler Universität Linz, mit ausgezeichnetem Erfolg).<br />
Außerdem ist er Mitgründer des Kommunikationsbüros die jungs, hin und wieder selbst <a href="http://sdmk.at" target="_blank" rel="noopener"><span style="text-decoration: underline;">künstlerisch</span></a> tätig, Lehrer für <a href="http://www.wolkenhaende.at">Qi Gong</a> und bunt tätowiert (jedoch unbescholten), journalistisch versiert als mehrjähriger Mitarbeiter u.a. einer regionalen Wochen- und einer Bundesländertageszeitung, PR-erfahren als Kommunikationsverantwortlicher größerer Festivals.</p>
<p>(Fotos: <a href="http://www.anette-friedel.at/" target="_blank" rel="noopener">Annette Friedel</a>)</p>

<p>haben verschiedene Backgrounds, die sich bestens ergänzen: in Kulturmanagement und Kunstgeschichte, Kulturarbeit und Journalismus sowie in der Arbeit mit Kindern und Jugendlichen. Beide denken und arbeiten wir interdisziplinär und können die Dinge anders sehen, ohne uns körperlich zu verrenken. Mag.a Susi Windischbauer BBEd Kultur- und Projektmanagerin, Prozessbegleiterin, Volks- und Hochschullehrerin sowie Formatentwicklerin und Vermittlerin mit [&hellip;]</p>
